prime factors of a(-9).
3, 71
Let t = -1308 - -3335. What are the prime factors of t?
2027
Let l = -7 - -253. Suppose -7*g + l = 71. What are the prime factors of g?
5
Suppose x + 2*x = -4*k + 33, 0 = -2*x - 10. List the prime factors of 34 + (-3)/(k/(-8)).
2, 3
Let r(a) = 410*a - 25. What are the prime factors of r(3)?
5, 241
Suppose -9*v = -7*v - 222. What are the prime factors of v?
3, 37
Suppose -2*d - 3*i + 3 = -3, 5*d + 4*i - 15 = 0. Suppose -d*k - k + 252 = 0. List the prime factors of k.
3, 7
Let w be (81 - -1) + 12/4. List the prime factors of 2/6 - w/(-51).
2
Suppose 4*n - 6*n = -3*o - 1642, 5*o - 4080 = -5*n. What are the prime factors of n?
2, 409
Suppose -2*t = 3*t - 10. Suppose f - 24 = -4*u + 2*u, 3*f = -t*u + 60. What are the prime factors of f?
2, 3
Let o(i) = 199*i**2 - 5. What are the prime factors of o(2)?
7, 113
Suppose 7551 = 9*x - 11889. List the prime factors of x.
2, 3, 5
Let d(m) = -42*m**3 + 6*m**2 + 8*m + 3. List the prime factors of d(-4).
5, 19, 29
List the prime factors of ((-2792)/16)/(1/(-6)).
3, 349
Let t be -72 - (2 - 0/1). Let x = t + 158. List the prime factors of x.
2, 3, 7
Suppose 4*k - 928 = v + 41, 266 = k - 5*v. What are the prime factors of k?
241
List the prime factors of (-12084)/(-10) + (-48)/(-30).
2, 5, 11
Let c be (4/(-10))/((-2)/(-20)). Let z(v) be the second derivative of v**5/20 + v**4/3 + v**2 + v. What are the prime factors of z(c)?
2
Suppose 0 = -4*c + 608 + 1808. What are the prime factors of c?
2, 151
Suppose 2456 = 3*m - o, m - 3*m + 5*o = -1620. List the prime factors of m.
2, 5, 41
Let j be (0/(-2 + 15/3))/(-2). Suppose -4*y + 3*l + 33 = j, -y = 4*y + 4*l - 18. List the prime factors of y.
2, 3
Suppose 59115 = -68*s + 83*s. List the prime factors of s.
7, 563
Let q be 1981/(-35) + 2/(-5). Let m = -30 - q. What are the prime factors of m?
3
Let g be 3 - 0 - 2 - -8. Suppose 20 + 22 = 7*l. Suppose 45 - g = l*t. List the prime factors of t.
2, 3
Let r = -18 + 25. Let m = 93 + r. Suppose 5*y - m - 145 = 0. What are the prime factors of y?
7
Suppose 0 = 3*q + 3*f - 5817, -19*q + 24*q = -3*f + 9701. What are the prime factors of q?
2, 971
Let s = 1 - 4. Suppose -x + 5*d + 6 = 0, -71*d + 69*d - 24 = -4*x. Let i = x + s. What are the prime factors of i?
3
Let t be (40/(-12))/(8/(-12)). Suppose o - t*o + 168 = 0. List the prime factors of o.
2, 3, 7
Let v = 5833 - 3750. What are the prime factors of v?
2083
Let u = 516 + 810. List the prime factors of u.
2, 3, 13, 17
Let h(p) = -2*p - 30. Let b be h(-15). List the prime factors of -3 + (20 - (2 - b)).
3, 5
What are the prime factors of (-14)/(-28)*(2 + 2272)?
3, 379
Suppose d = -3*d - 2*f + 2094, -4*d + 2*f + 2106 = 0. What are the prime factors of d?
3, 5, 7
Suppose 46 + 104 = 5*p. Let j = -14 + p. What are the prime factors of j?
2
Let z = -66 + 55. Let x(o) = -7*o - 40. List the prime factors of x(z).
37
Suppose -4*n + 5*s = 3*s - 18, -4*s = -n + 8. Let i(j) = j**3 + j**2 - 5*j + 5. What are the prime factors of i(n)?
5, 13
Suppose 9 + 9 = i. Let a = i + 54. List the prime factors of a.
2, 3
Let m(g) = -g**3 - 28*g**2 + 40*g + 67. List the prime factors of m(-30).
23, 29
What are the prime factors of (-6)/10*-5 + 317?
2, 5
Let h(y) = -5*y - 12. Let d(t) = -4*t**2 - 4*t. Let c be d(-2). What are the prime factors of h(c)?
2, 7
Suppose -5*t + 3*q + 8 = 0, -t = -2*t + 3*q - 8. List the prime factors of ((-40)/25)/(t/(-10)).
2
Suppose 0*b = -2*u - 4*b, -3*b = 0. Suppose 5*o + 5*o - 2280 = u. List the prime factors of o.
2, 3, 19
Suppose -3*g + d + 9 = -13, 4*g - 16 = -2*d. Suppose -2*w - 364 = -4*t, 259 = 3*t + w - g*w. Let a = t + -64. List the prime factors of a.
29
Suppose 2364 - 18774 = -15*b. List the prime factors of b.
2, 547
Let q(i) = -18*i - 16. Let a be (4/3)/((-228)/54 + 4). List the prime factors of q(a).
2, 23
Let r(q) be the first derivative of 23*q**2/2 + 3*q - 15. What are the prime factors of r(3)?
2, 3
Let s(n) = n - 6. Suppose -3*x - 6*a + 10 = -2*a, 0 = -2*x - a + 10. Let v be s(x). Let y = 14 - v. What are the prime factors of y?
2, 7
Let n = -23 - -29. List the prime factors of 88/10*75/n.
2, 5, 11
Let k(u) = 183*u. Let r(o) = -o - 1. Let t(p) = -k(p) + 2*r(p). Let q be t(-1). Suppose -q + 51 = -3*w. List the prime factors of w.
2, 11
Let f(x) = -x**2 - 73*x - 10. List the prime factors of f(-67).
2, 7
Suppose 4*x + 12 = 5*d, -3*d - d = -5*x - 15. Suppose s + 3*s - 284 = d. List the prime factors of s.
71
Suppose 6*l = 3*l - 18. Let d be l/(-15)*5*-3. What are the prime factors of 3 + -1 - 3 - d?
5
Suppose -f - 10 = -4*d - 111, 3*f = 2*d + 343. What are the prime factors of f?
3, 13
Let p be 3/2 - (-6)/(-12). Let y = 4 - p. Suppose -35 = -5*i + y*i + 3*r, 2*i = 2*r + 32. What are the prime factors of i?
13
Let a = 527 - 213. List the prime factors of a.
2, 157
Suppose -2*j - 1024 = 5*u - 313, 5*u - 2*j + 699 = 0. What are the prime factors of (u/(-4))/((-1)/(-4))?
3, 47
Let g be -2*8/48 - (-88)/(-6). Let x = -77 + 125. Let z = g + x. List the prime factors of z.
3, 11
Let n = 1 + 2. Suppose -5*y + 948 = 383. Suppose -4 = -3*f + 3*v + y, -n*v - 15 = 0. List the prime factors of f.
2, 17
Suppose -3*w = 14 - 1301. List the prime factors of w.
3, 11, 13
Suppose -2*z = -2636 - 1088. List the prime factors of z.
2, 7, 19
Let a be (-105)/5*1/(-3). Suppose -9 - a = -2*b. List the prime factors of -2 + (b - (1 - 3)).
2
Let w = -368 + 560. Suppose -s + w = s. List the prime factors of s.
2, 3
Let r = -2 - -8. What are the prime factors of 2/r - (-330)/9?
37
Let m(q) = 27*q**2 - 8*q + 10. Let d be m(2). Suppose 0 = -106*k + d*k + 252. What are the prime factors of k?
3, 7
Suppose -5*u - 6*o + 7*o = 751, 0 = -4*u + 4*o - 588. What are the prime factors of 1*(5 - (-1 + u))?
157
Let k(l) = -3*l**3 - 4*l**2 - 2*l. Let x = 3 - 1. Suppose 0 = 5*m + 2*j + 17, 0 = -5*m + x*j + 1 - 14. What are the prime factors of k(m)?
3, 17
Suppose -d = 4*p + 3, 5*d = 2*p + 3*d - 6. Suppose u - 84 - 71 = p. What are the prime factors of (u/15)/(2/6)?
31
List the prime factors of (-29742)/(-24) + -5*1/4.
2, 619
What are the prime factors of (6/8 + 70/28)*272?
2, 13, 17
Let c = 106 + -317. Let z = 389 + c. What are the prime factors of z?
2, 89
Let k(x) = x**3 - x. Let s(i) = -4*i**3 + 12*i**2 + 11*i + 9. Let w(o) = -3*k(o) - s(o). List the prime factors of w(13).
2, 7
Suppose -c = -0 - 2. Suppose 4*h = 4*d + 32, -c*h + 5*h - 24 = d. Let j(o) = -o + 14. List the prime factors of j(h).
2, 3
Let p be 7*90 + -2*(-4)/(-8). Suppose -3*c = -8*z + 4*z - p, 5*c + 5*z = 1025. List the prime factors of c.
3, 23
Suppose 85*q + 2948 = 96*q. List the prime factors of q.
2, 67
Suppose -14*a + 1386 = 504. List the prime factors of a.
3, 7
Suppose -5*g = -3749 - 2676. What are the prime factors of g?
5, 257
Let o be (-2)/(4 + (-925)/230). Suppose 0*i + 2*i + 4*q - 32 = 0, 3*i = 5*q + o. List the prime factors of i.
2, 3
Suppose -6 = 2*c - 2*m, m - 2 = 2*c - 0. What are the prime factors of ((-1)/(-4) - (c + -1))*412?
103
Let y be -2*4/48 - 566/(-12). Suppose -7*d = -58 - y. List the prime factors of d.
3, 5
Let z = -39 + 41. Suppose -11*l + 31 = -z. List the prime factors of l.
3
Let p = 4976 + -2648. What are the prime factors of p?
2, 3, 97
Suppose -o - 4*w = w - 70, 113 = 2*o + w. What are the prime factors of o?
5, 11
Let r be 12*(-1 + 16/12). Suppose 85 = r*i - 95. List the prime factors of i.
3, 5
Let h(k) = k - 4. Let f be h(12). Suppose 2 = 3*d + 2*u, 2*d - 2*u + u = -f. What are the prime factors of (-1)/d*(-84)/(-6)?
7
Suppose 222 = 6*c + 78. What are the prime factors of ((-6)/c)/(1/(-356))?
89
List the prime factors of 2235/4 + (-6 - 225/(-36)).
13, 43
Let p = 42 + -82. Let y = 27 - p. What are the prime factors of y?
67
Let z(v) = 53*v + 3. Let f(h) = 27*h + 1. Let r(l) = 14*f(l) - 6*z(l). List the prime factors of r(1).
2, 7
Let d(l) = l**2 + l + 57. Let z(j) = j**2 + 6*j - 7. Let p be z(-7). List the prime factors of d(p).
3, 19
Let t(k) = 2*k - 9. Suppose 0 = -j + 1 + 8. List the prime factors of t(j).
3
Suppose -4*v = -2*o - 1724, 4*o + 3 = 19. List the prime factors of v.
433
What are the prime factors of (-32)/48 + (-2081)/(-3)?
3, 7, 11
Let j = -1029 + 1569. List the prime factors of j.
2, 3, 5
Let l(d) = 280*d - 513. List the prime factors of l(8).